 Calculate the highest common factor of m and 24.
12
Suppose 43 = 9*o - 2. Let p be -3 - (-6)/9*387/6. What is the greatest common divisor of o and p?
5
Suppose 8*u + 68 + 60 = 0. Let h be u/(-24) - (-22)/3. Calculate the greatest common divisor of 152 and h.
8
Let y(b) = 75*b + 9. Let k be y(6). Suppose k = 5*c + 4*c. What is the highest common divisor of c and 34?
17
Suppose 5*u - 3*t - 2958 = 0, -5*t + t - 2954 = -5*u. Suppose -5*a - a = -u. Let j = -29 - -38. Calculate the highest common factor of a and j.
9
Suppose f - 204 = -2*x, -2*f - 579 = -4*x - 187. What is the greatest common divisor of x and 125?
25
Let v(l) = 10*l - 65. Let h be v(13). Suppose -b + 102 = 4*o, -2*o + b + 38 + 16 = 0. Calculate the greatest common divisor of o and h.
13
Suppose -14*b + 16*b - 2 = 0, -4*x + 307 = -b. Calculate the highest common divisor of 7 and x.
7
Let k = 5 - -3. Suppose k*w + 33 = 9*w. Let t = -19 + w. What is the highest common divisor of t and 112?
14
Suppose 3*g = 4*n + 25, -4*n + 0*g + 2*g = 22. Let d = 10 + n. Let f(b) = -b**2 - b + 2. Let u be f(0). What is the greatest common divisor of d and u?
2
Suppose 3*o - 2*r - 200 = 0, 0 = 2*o + 2*r - 6*r - 144. What is the highest common factor of o and 8?
8
Let m(s) = -30*s + 1. Let k be m(-1). Suppose 3*w = -4*a - k + 123, 0 = a - 5*w. Let c be (36/8)/(2/a). Calculate the highest common factor of 15 and c.
15
Let i(w) = 118*w**2 + 4*w - 14. Let q be i(3). Calculate the highest common factor of q and 53.
53
Let n be 32/264*678 - 4/22. What is the highest common factor of 1558 and n?
82
Let z be (-1684)/(-28) + (-4)/28. What is the greatest common divisor of 45 and z?
15
Let s(p) = -p - 3. Let d be s(-5). Suppose -12 = 2*b - n, -3*b + n - 30 + 10 = 0. Let t = -2 - b. What is the highest common divisor of d and t?
2
Suppose -2*i = 4*d - 22, 2*i - 7 - 11 = -3*d. Suppose -f - 4*r + i*r + 8 = 0, -2*f - 5*r = -31. Calculate the greatest common factor of f and 6.
3
Suppose r - 2*n - 13 = -4*n, -2*n = 2. Suppose -11*l + 1580 = -r. What is the greatest common divisor of l and 29?
29
Suppose 5*z = 2*r - 31, -8*z + 3*z - 25 = 0. What is the highest common divisor of 48 and r?
3
Let h be 0/(((-9)/(-3))/3). Suppose -2*i - 2 = 0, h = -2*p - 4*i + 52 - 12. Calculate the greatest common factor of 2 and p.
2
Let o = -1941 - -1944. Calculate the greatest common factor of o and 249.
3
Let z = -248 + 311. What is the highest common factor of 270 and z?
9
Suppose -7*g = 7*g - 294. Calculate the greatest common divisor of g and 777.
21
Let b(t) = -10*t + 150. Let r(o) = -2*o + 30. Let f(d) = -2*b(d) + 11*r(d). Let h be f(9). Let a = -1 + 7. Calculate the highest common divisor of h and a.
6
Suppose 2*c - 34 = 2*t, 2*c - c - 4*t = 32. Let n = 7 + -5. Suppose -45 = -2*d - 3*s, n*s - 4 = 2. Calculate the highest common factor of c and d.
6
Let u = -52 - -19. Let g = -23 - u. Suppose 5*q = 6*q + 5*h + 10, 4*h + 22 = 2*q. What is the highest common factor of q and g?
5
Let c(p) = p**3 + 5*p**2 - 4. Let r be c(-3). Let a = r + -3. Suppose 0 = 2*j - 94 + 153 - 81. What is the highest common factor of a and j?
11
Suppose 0*f = -2*r + 2*f + 4, -3*r - 3*f = 12. Let m(n) = -335*n - 5. Let b be m(r). What is the highest common divisor of 30 and b?
30
Let w be 3*8/12 - (3 + -2). Let q be (w + -2)*1*-10. Calculate the greatest common factor of q and 10.
10
Let y = 23 - 31. Let v(u) = -u**3 - 7*u**2 + u - 1. Let b be v(y). Calculate the greatest common factor of 5 and b.
5
Suppose 0*d = -3*d - 108. Let f be (90/d)/(1/(-6)). Calculate the highest common divisor of 15 and f.
15
Let d be (342/30)/(-4 - 215/(-50)). What is the greatest common divisor of 57 and d?
19
Suppose 0 = 3*r + 58 - 208. Suppose -q - 4*n + 16 = 0, -3*q - 362 + 419 = 3*n. What is the highest common divisor of r and q?
10
Let o = 329 - 327. Calculate the greatest common factor of o and 19.
1
Suppose 5*c = 2*w + 711, c + 5*w - 154 = -1. What is the greatest common factor of 26 and c?
13
Let a = 90 - 84. Suppose 26 + 28 = a*p. What is the highest common factor of 3 and p?
3
Let f be ((-3 - -4) + -1)/(-2) + 60. What is the highest common divisor of 20 and f?
20
Let b(p) = -2*p**3 - 6*p**2 + 68*p - 4. Let f be b(-9). Calculate the highest common divisor of f and 445.
89
Let r(o) = -o**2 - 58*o - 310. Let p be r(-52). Let a(f) = 34*f**2 + f. Let j be a(-1). Suppose -n = p*n - j. What is the highest common divisor of 22 and n?
11
Let y(b) = b**2 + b - 7. Let k be y(6). Let q = -71 - -83. Suppose 0 = 8*z - 28 - q. What is the highest common factor of z and k?
5
Let c = 170 + -155. Calculate the highest common divisor of 12 and c.
3
Suppose 2*v + 3*v - 35 = 0. Let r(z) = -z**3 + 9*z**2 - 4*z - 4. Let u be r(v). Suppose -k + 77 = -u. Calculate the highest common divisor of k and 13.
13
Let f = 31 - 21. Suppose -f = x - 3*x. Suppose -x*i - 18 + 58 = 2*q, 2*q = 0. Calculate the greatest common factor of i and 56.
8
Let z be (2/((-16)/(-168)))/1. What is the greatest common divisor of z and 161?
7
Let f(l) = l**3 + 7*l**2 - 7*l + 14. Let w(m) = m - 16. Let v be w(9). Let g be f(v). What is the highest common factor of 9 and g?
9
Let l be (-2)/(-9) + 0 - (-1360)/36. What is the highest common divisor of 1121 and l?
19
Suppose -34 = 3*w - 64. Suppose -4*j - 36 = -w*j. What is the highest common divisor of j and 30?
6
Let x(t) = -t**3 + 7*t**2 - 5*t - 3. Let p be x(5). Suppose -5 = -a, 3*z - 4*a = 7*z - 1444. Let g = z - 180. What is the highest common divisor of g and p?
22
Let g(q) = 211*q - 31. Let k be g(3). Suppose -4*s + 2*d + 482 = 0, s = -4*s + 2*d + k. Calculate the greatest common divisor of s and 30.
30
Let k = 0 - 0. Suppose -s + 3*a + 1 + 0 = 0, k = a - 1. Suppose 545*j - 17 = 544*j - 3*c, -5*j - 3*c = -193. What is the highest common divisor of s and j?
4
Let b(g) = -g**2 - 3*g + 3. Let u be b(-6). Let t = -13 - u. Suppose -t*j = -5*f - 32, 6*j - 3*j - 31 = -f. What is the greatest common divisor of 22 and j?
11
Suppose 859 = 4*y + t, -2*y + 889 = 2*y - 5*t. Calculate the highest common divisor of 24 and y.
24
Let j(y) = y**3 - 12*y**2 + 50*y. Let q be j(6). What is the greatest common divisor of q and 56?
28
Let c(n) = n**2 + 6*n + 6. Let h be c(-6). Let k(o) = o**2 - 15*o + 50. Let z be k(11). What is the greatest common divisor of z and h?
6
Suppose -3 = 5*w - 6*w. Suppose -2*m - 5*x = -107, -m = -w*m + 3*x + 83. Calculate the highest common divisor of m and 23.
23
Let h = -18 - -83. Suppose -h = -q + 3*c - c, 2*c - 265 = -5*q. Suppose 3*m = -2*d + 13, -3*d + 2*d + 9 = 2*m. What is the highest common divisor of m and q?
5
Suppose -17*f + 95 = -12*f. Suppose n + 15 - f = 0. Let v be 1 + -2 + 4 + 1. Calculate the highest common divisor of v and n.
4
Let w(l) = l**3 + 25*l**2 + 3*l + 36. Let r be w(-24). What is the greatest common divisor of r and 432?
108
Suppose -30*g = -34*g + 60. Calculate the highest common factor of 105 and g.
15
Let m be 12 + (-8 + 9)/(1 - 2). Let a = 6 - 16. Let c be a*(-4 + m)/(-1). What is the greatest common divisor of c and 105?
35
Suppose 1950 + 66 = 4*o. Calculate the highest common factor of o and 28.
28
Let p(o) = 4*o + 2*o**2 - 3*o**3 + 4*o**2 - 7*o**2 - 3. Let w be p(1). Let v be (-3 - (4 + w)) + 214. Calculate the highest common factor of v and 84.
42
Suppose -2 = 5*f + 3. Let d be 5/f*30/(-2). What is the greatest common factor of d and 30?
15
Suppose -40 = u - 2*u. What is the highest common factor of u and 60?
20
Let j be ((-660)/(-9))/((-11)/(-99)). Suppose -11*s = -6*s - j. Calculate the greatest common factor of s and 11.
11
Suppose -3*x - 111 - 81 = 0. Let k = x + 89. Let f be ((-2)/4)/(1/(-150)). What is the greatest common divisor of f and k?
25
Suppose -1847*u = -1840*u - 35. What is the highest common divisor of u and 905?
5
Let i be (-4)/(15/(-6) - -3). Let a be 54/(0 + i/(-4)). Let n(j) = j**3 + 2*j**2 - j + 1. Let u be n(-2). What is the highest common divisor of u and a?
3
Let i(m) = -21*m - 83. Let k be i(-5). Calculate the highest common factor of 110 and k.
22
Suppose -42 = -u - k, 5*u - 3*k = 2*k + 180. What is the greatest common factor of u and 117?
39
Let y = -15 + 14. Let t be y + 1*51/3. Let m be (1 - (0 + 3) - -3) + 7. What is the greatest common divisor of m and t?
8
Let m be (-69)/(-46) - 3/(-2). Le